lculate the remainder when u is divided by w.
12
Suppose 5*j + 0*r - 7 = 3*r, 0 = j - 2*r. Calculate the remainder when 27/(-18)*2328/(-36) is divided by (-73 - j)*1/(-3).
22
Suppose 5*g - 40 = -3*g. Suppose 3*j - 4*t = -0*t + 41, -g*j + 115 = 5*t. Let s = 5 - -1. Calculate the remainder when j is divided by s.
1
Suppose 225*a + 594 = 3294. Suppose 5*q - 749 + 214 = 0. Calculate the remainder when q is divided by a.
11
Suppose -48 = n - 5*n. Let c be (-3)/(-1) + (15 - 11). Suppose 18*t = c*t + 506. Calculate the remainder when t is divided by n.
10
Suppose 3*l + 1239 = 65*l - 5085. What is the remainder when 1102 is divided by l?
82
Let d = -10 - -42. Suppose 0 = -25*w + 29*w - d. Calculate the remainder when (-3 - -5)/(w/80) is divided by 14.
6
Let i(a) = 14*a + 98. Let v be i(-16). Calculate the remainder when 75 is divided by 35/(9/(v/(-35))).
5
Let o = 159 - 267. What is the remainder when (-3466)/(-16) - o/288 is divided by 56?
49
Calculate the remainder when 67 is divided by 6/(-15)*((2 - 9) + -38).
13
Let o = 348 + 560. Calculate the remainder when o is divided by 76.
72
Let c = 19893 + -19887. What is the remainder when (3/6)/((-1)/(-38)) is divided by c?
1
Suppose 3*u = -q + 304, -2*q - 1847 = -8*q + 5*u. What is the remainder when q is divided by 23?
8
Let x = 11829 - 8449. What is the remainder when x is divided by 17?
14
Suppose d + 4 + 1 = 0, -d = -3*t - 232. Suppose -3*i - 8*b + 51 = -4*b, -4*i + 69 = 5*b. Calculate the remainder when 2/2*-1 - t is divided by i.
15
Let p be (4 - (2 - 4 - 3)) + 4. Let m(i) = i**2 - 13*i + 16. What is the remainder when 207 is divided by m(p)?
15
Let c = -69 - -80. Let x(o) = o**3 - 10*o**2 - 5*o + 26. Let n be x(c). Let r = -41 + n. Calculate the remainder when r is divided by 9.
6
Let f(g) = 21*g**2 - 3*g**3 + 0*g**3 + 16 - 28*g + 2*g**3. What is the remainder when f(19) is divided by 13?
11
Let l be (-18)/3*(-1 - 0). Suppose -5*a + 37 = 2*j, 3*j - 26*a = -31*a + 48. Calculate the remainder when ((-172)/l)/((-3)/9) is divided by j.
9
Suppose 2*d - 40 - 40 = 0. Let w = d - 21. Calculate the remainder when w is divided by (15/((-225)/24))/(134/(-335)).
3
Let d(o) = 53*o**2 - 2*o + 7. Let r be d(2). Suppose 7*m = r + 86. Let s = 6 + m. What is the remainder when s is divided by 17?
15
Suppose 6*u = -9*u + 82 + 833. Calculate the remainder when 1707 is divided by u.
60
Let g(b) be the second derivative of 29*b**3/6 - 219*b**2/2 - 73*b. Calculate the remainder when 191 is divided by g(8).
9
Suppose -40*o - 18993 = -5153. Let a = o + 381. What is the remainder when 121 is divided by a?
16
Calculate the remainder when 1*(9 - 28*6/(-12)) is divided by 11.
1
Let m(b) = -2*b**2 + 2*b + 4*b**2 - 4*b**2 + 4*b**2 + 1. Let l be m(-2). Suppose 0 = -l*o + 43 + 57. Calculate the remainder when o is divided by 7.
6
Let y be 6/36 + 0 - 26/12. Let x be (44/33)/(y/(-3)). Suppose -4*t + 0*l + 26 = -2*l, 2*t - x*l - 18 = 0. What is the remainder when 14 is divided by t?
2
Let k = -91 - -288. Let i = k - 172. What is the remainder when 41 is divided by i?
16
Suppose -13*j = -386 - 121. What is the remainder when (-54*1/(-7))/(j/182) is divided by 7?
1
Let l = -13172 - -13183. Calculate the remainder when 204 is divided by l.
6
Calculate the remainder when (-18924)/(-36) + 1/3 is divided by 83.
28
Suppose 3*a = u + 73, 0 = -2*a + 2*u + 375 - 329. Calculate the remainder when 598 is divided by a.
23
Suppose j - 4*j = -39. Let w(q) = 33*q**2 - 18*q + 44. Let b be w(3). Let n = 338 - b. What is the remainder when n is divided by j?
12
Suppose -16*v + 328250 = 49*v. What is the remainder when v is divided by 31?
28
Let q = -4 + 6. Let h(d) = 3*d + 5. Suppose -5*y + 3*n + 327 = n, 125 = 2*y + 5*n. Calculate the remainder when y is divided by h(q).
10
Suppose -161*w + 4650 = -179373. What is the remainder when w is divided by 10?
3
Let z(h) = -3*h + 46. Let d be z(12). Let g be 4/(-5)*d/(-4). Suppose -5*q + g*c + 366 = 0, -c = -3*q + 125 + 94. What is the remainder when q is divided by 15?
12
Let u = 1387 - 983. What is the remainder when u is divided by 11 - (-6)/(-36)*-3*6?
12
Let t be 2/10 - (-552)/(-10). Let r = -177 - -104. Let d = t - r. Calculate the remainder when 88 is divided by d.
16
Suppose -125*p + 66*p = 284*p - 29498. Let k = -49 + 74. Calculate the remainder when p is divided by k.
11
Let c(d) = 36*d - 1. Let j be c(1). Let x = j - 21. Suppose 45 - 189 = -3*p. What is the remainder when p is divided by x?
6
Suppose -3*a + 2*g = -34, 4*a + 22 = 7*a - 5*g. Suppose -94 - 2 = -2*p. What is the remainder when p is divided by a?
6
Suppose -516 = 16*j - 12*j. Let v = 235 + j. What is the remainder when v is divided by 500/14 - 8/(-28)?
34
Let f = 188 + -122. Let d = 70 - f. Calculate the remainder when 10 is divided by d.
2
Let h(b) = 358*b + 10. What is the remainder when 3878 is divided by h(0)?
8
Let w(k) = 2*k**3 + 70*k**2 - k - 35. Let f be w(-35). Suppose f*h - 516 = -12*h. What is the remainder when 163 is divided by h?
34
Suppose -14*m + 7371 = -4459. Calculate the remainder when m is divided by 8.
5
Suppose 0 = -i - 5*j - 18, 14 = 7*i - 2*i - j. Suppose 16*n - 144 = -i*n. Calculate the remainder when 38 is divided by n.
6
Let a = -112 + 249. Suppose 104 = 3*w - c, -25*w - 3*c + 143 = -21*w. What is the remainder when a is divided by w?
32
Let t = 14 + -8. Suppose -5*f = 3*v + 12, -3*f + 20 = -3*v - 2*v. Let j(r) = -r**2 + 6. Calculate the remainder when j(f) is divided by t.
0
Let o = 8939 + -8747. Calculate the remainder when o is divided by 62.
6
Let d = 250 - 43. Suppose 4*z + h = -0*h + d, -3*z = 3*h - 144. Calculate the remainder when z is divided by ((2/(-4))/(-1))/((-6)/(-216)).
17
Let w(y) = 7*y**2 - 20*y - 210. Calculate the remainder when w(-18) is divided by 14.
10
Let a(b) be the first derivative of -3/2*b**2 - 1/2*b**4 - 2*b**3 - 7*b - 18. Calculate the remainder when a(-4) is divided by 8.
5
Suppose 5*h - 3*w - 13 = 0, 2*h - 18 = -3*w + w. Suppose 5*b - h*i - 60 = 0, 53 + 7 = 3*b + 3*i. What is the remainder when 78 is divided by b?
14
Let w(i) = -8*i + 64. Let v be w(17). What is the remainder when (348/(-10))/(v/240) is divided by 13?
12
Suppose -4*p + 9 = -5*f, 0 = 4*p + 4*f - 16 - 20. Suppose -m + 16 = 4*c - p, c = m - 12. What is the remainder when 682 is divided by m?
10
Suppose 0 = 2*u - 4*j - 74, -2*u - u + j + 91 = 0. Calculate the remainder when u is divided by -30*(3 - (-187)/(-55)).
5
Let j = 11486 + -11451. Calculate the remainder when 140 is divided by j.
0
Suppose 5*o + 27 = a, a = -0*a - o - 3. Let p be 4 + -3 + 17/2*a. Calculate the remainder when 140 is divided by p/9 + (-1 - -12).
10
Suppose 3*s + 7 = 37. Calculate the remainder when ((495/(-6))/5)/(15/(-80)) is divided by s.
8
Let r = 252 - 243. Suppose r*a + 114 = 429. What is the remainder when a is divided by 22?
13
Calculate the remainder when 3961 is divided by -21*(-50)/(-200)*8/(-6).
6
Suppose -3972 = -9*n - 3414. What is the remainder when 347 is divided by n?
37
Suppose -114*k = -123*k + 198. What is the remainder when k is divided by -4 - (2 - (-9)/((-27)/66))?
6
Let f(g) = -5*g + 27. Let q be f(5). Suppose 0 = 2*k + 4*c - 189 + 569, -5*k = q*c + 934. Let l = -117 - k. Calculate the remainder when l is divided by 9.
6
Let i(z) = 2*z**2 + 34*z + 202. What is the remainder when i(-15) is divided by 80?
62
Let c(a) = -a**3 - 9*a**2 + 23*a - 16. Let h be c(-12). Calculate the remainder when (246/5)/(1701/h + -12) is divided by 11.
9
Let j(t) = t**3 - 140*t**2 - 138*t - 415. What is the remainder when 11 is divided by j(141)?
3
Let c = 107 + -101. Suppose -c*a + 4*a + 24 = 0. What is the remainder when 46 is divided by a?
10
Suppose 469 - 479 = -5*n, -x = 3*n - 3245. What is the remainder when x is divided by 120?
119
Suppose 378*t = 380*t + 254. Calculate the remainder when 12/16*-4 - t is divided by 21.
19
Suppose 0 = 5*w + 15, -6*b + 2*w - 277 = -7*b. What is the remainder when b is divided by 76?
55
Let u(t) = -5*t + 792. What is the remainder when u(80) is divided by 177?
38
Let o = 186 - 119. Let m(y) = 30*y**2 + 3*y + 3. What is the remainder when m(2) is divided by o?
62
Let i = 40 - 38. Suppose -n - 2*n + 2*t = 13, 0 = n - i*t + 3. Let l(y) = -y**3 - 3*y**2 + 6*y - 11. Calculate the remainder when 32 is div